{"id":84,"date":"2015-05-30T22:58:09","date_gmt":"2015-05-30T21:58:09","guid":{"rendered":"http:\/\/127.0.0.1\/techpro\/?page_id=84"},"modified":"2015-06-29T09:56:53","modified_gmt":"2015-06-29T09:56:53","slug":"numerisation","status":"publish","type":"page","link":"https:\/\/www.techpro-digital.com\/?page_id=84","title":{"rendered":"Num\u00e9risation"},"content":{"rendered":"<p><a href=\"http:\/\/twitter.com\/share?url=https%3A%2F%2Fwww.techpro-digital.com%2F%3Fpage_id%3D84&amp;count=none&amp;text=Num\u00e9risation - TECHPRO-DIGITAL - Services PHOTO - VIDEO - POST PRODUCTION - CREATION - WEB\" class=\"twitter-share-button\">Tweet<\/a><\/p><p>&nbsp;<\/p>\n<h3>Num\u00e9risation de vos Ekta, Films avec possibilit\u00e9 de retouche couleur avanc\u00e9e afin de restituer au mieux l'original<\/h3>\n<h3><a href=\"http:\/\/www.techpro-digital.com\/wp-content\/uploads\/2015\/06\/Scanner.jpg\"><img loading=\"lazy\" class=\"aligncenter size-medium wp-image-5886\" src=\"http:\/\/www.techpro-digital.com\/wp-content\/uploads\/2015\/06\/Scanner-300x201.jpg\" alt=\"Scanner\" width=\"300\" height=\"201\" srcset=\"https:\/\/www.techpro-digital.com\/wp-content\/uploads\/2015\/06\/Scanner-300x201.jpg 300w, https:\/\/www.techpro-digital.com\/wp-content\/uploads\/2015\/06\/Scanner.jpg 1024w, https:\/\/www.techpro-digital.com\/wp-content\/uploads\/2015\/06\/Scanner-400x268.jpg 400w, https:\/\/www.techpro-digital.com\/wp-content\/uploads\/2015\/06\/Scanner-747x500.jpg 747w\" sizes=\"(max-width: 300px) 100vw, 300px\" \/><\/a><\/h3>\n","protected":false},"excerpt":{"rendered":"<p>Tweet&nbsp; Num\u00e9risation de vos Ekta, Films avec possibilit\u00e9 de retouche couleur avanc\u00e9e afin de restituer au mieux l&rsquo;original<\/p>\n","protected":false},"author":1,"featured_media":0,"parent":5736,"menu_order":0,"comment_status":"open","ping_status":"open","template":"","meta":[],"_links":{"self":[{"href":"https:\/\/www.techpro-digital.com\/index.php?rest_route=\/wp\/v2\/pages\/84"}],"collection":[{"href":"https:\/\/www.techpro-digital.com\/index.php?rest_route=\/wp\/v2\/pages"}],"about":[{"href":"https:\/\/www.techpro-digital.com\/index.php?rest_route=\/wp\/v2\/types\/page"}],"author":[{"embeddable":true,"href":"https:\/\/www.techpro-digital.com\/index.php?rest_route=\/wp\/v2\/users\/1"}],"replies":[{"embeddable":true,"href":"https:\/\/www.techpro-digital.com\/index.php?rest_route=%2Fwp%2Fv2%2Fcomments&post=84"}],"version-history":[{"count":1,"href":"https:\/\/www.techpro-digital.com\/index.php?rest_route=\/wp\/v2\/pages\/84\/revisions"}],"predecessor-version":[{"id":5890,"href":"https:\/\/www.techpro-digital.com\/index.php?rest_route=\/wp\/v2\/pages\/84\/revisions\/5890"}],"up":[{"embeddable":true,"href":"https:\/\/www.techpro-digital.com\/index.php?rest_route=\/wp\/v2\/pages\/5736"}],"wp:attachment":[{"href":"https:\/\/www.techpro-digital.com\/index.php?rest_route=%2Fwp%2Fv2%2Fmedia&parent=84"}],"curies":[{"name":"wp","href":"https:\/\/api.w.org\/{rel}","templated":true}]}}