{"id":6175,"date":"2016-02-12T13:52:04","date_gmt":"2016-02-12T13:52:04","guid":{"rendered":"http:\/\/www.techpro-digital.com\/?page_id=6175"},"modified":"2016-02-12T13:52:04","modified_gmt":"2016-02-12T13:52:04","slug":"sketchfab-3d","status":"publish","type":"page","link":"https:\/\/www.techpro-digital.com\/?page_id=6175","title":{"rendered":"Sketchfab 3D"},"content":{"rendered":"<p><a href=\"http:\/\/twitter.com\/share?url=https%3A%2F%2Fwww.techpro-digital.com%2F%3Fpage_id%3D6175&amp;count=none&amp;text=Sketchfab 3D - TECHPRO-DIGITAL - Services PHOTO - VIDEO - POST PRODUCTION - CREATION - WEB\" class=\"twitter-share-button\">Tweet<\/a><\/p><p>Vous d\u00e9sirez partager facilement vos creations 3D....rien de plus simple que la plateforme Sketchfab :<\/p>\n<ul>\n<li>R\u00e9alisme photo hallucinant<\/li>\n<li>Fluidit\u00e9 incroyable<\/li>\n<li>Compatible Mobile<\/li>\n<li>Annotation 3D<\/li>\n<li>Personalisation<\/li>\n<\/ul>\n<p><iframe loading=\"lazy\" src=\"https:\/\/sketchfab.com\/models\/77f20f03ffdd4a639230633ec3c9a545\/embed\" width=\"640\" height=\"480\" frameborder=\"0\" allowfullscreen=\"allowfullscreen\"><\/iframe><\/p>\n<p style=\"font-size: 13px; font-weight: normal; margin: 5px; color: #4a4a4a;\"><a style=\"font-weight: bold; color: #1caad9;\" href=\"https:\/\/sketchfab.com\/models\/77f20f03ffdd4a639230633ec3c9a545?utm_medium=embed&amp;utm_source=website&amp;utm_campain=share-popup\" target=\"_blank\">BMW I3<\/a><br \/>\nby\u00a0<a style=\"font-weight: bold; color: #1caad9;\" href=\"https:\/\/sketchfab.com\/fsanuy?utm_medium=embed&amp;utm_source=website&amp;utm_campain=share-popup\" target=\"_blank\">Fr\u00e9d\u00e9ric SANUY<\/a><br \/>\non\u00a0<a style=\"font-weight: bold; color: #1caad9;\" href=\"https:\/\/sketchfab.com?utm_medium=embed&amp;utm_source=website&amp;utm_campain=share-popup\" target=\"_blank\">Sketchfab<\/a><\/p>\n<p><iframe loading=\"lazy\" src=\"https:\/\/player.vimeo.com\/video\/43600255\" width=\"500\" height=\"281\" frameborder=\"0\" allowfullscreen=\"allowfullscreen\"><\/iframe><\/p>\n<p><a href=\"https:\/\/vimeo.com\/43600255\">Discover Sketchfab<\/a>\u00a0from\u00a0<a href=\"https:\/\/vimeo.com\/sketchfab\">Sketchfab<\/a>\u00a0on\u00a0<a href=\"https:\/\/vimeo.com\">Vimeo<\/a>.<\/p>\n","protected":false},"excerpt":{"rendered":"<p>TweetVous d\u00e9sirez partager facilement vos creations 3D&#8230;.rien de plus simple que la plateforme Sketchfab : R\u00e9alisme photo hallucinant Fluidit\u00e9 incroyable Compatible Mobile Annotation 3D Personalisation BMW I3 by\u00a0Fr\u00e9d\u00e9ric SANUY on\u00a0Sketchfab Discover Sketchfab\u00a0from\u00a0Sketchfab\u00a0on\u00a0Vimeo.<\/p>\n","protected":false},"author":1,"featured_media":0,"parent":5592,"menu_order":0,"comment_status":"closed","ping_status":"closed","template":"","meta":[],"_links":{"self":[{"href":"https:\/\/www.techpro-digital.com\/index.php?rest_route=\/wp\/v2\/pages\/6175"}],"collection":[{"href":"https:\/\/www.techpro-digital.com\/index.php?rest_route=\/wp\/v2\/pages"}],"about":[{"href":"https:\/\/www.techpro-digital.com\/index.php?rest_route=\/wp\/v2\/types\/page"}],"author":[{"embeddable":true,"href":"https:\/\/www.techpro-digital.com\/index.php?rest_route=\/wp\/v2\/users\/1"}],"replies":[{"embeddable":true,"href":"https:\/\/www.techpro-digital.com\/index.php?rest_route=%2Fwp%2Fv2%2Fcomments&post=6175"}],"version-history":[{"count":1,"href":"https:\/\/www.techpro-digital.com\/index.php?rest_route=\/wp\/v2\/pages\/6175\/revisions"}],"predecessor-version":[{"id":6176,"href":"https:\/\/www.techpro-digital.com\/index.php?rest_route=\/wp\/v2\/pages\/6175\/revisions\/6176"}],"up":[{"embeddable":true,"href":"https:\/\/www.techpro-digital.com\/index.php?rest_route=\/wp\/v2\/pages\/5592"}],"wp:attachment":[{"href":"https:\/\/www.techpro-digital.com\/index.php?rest_route=%2Fwp%2Fv2%2Fmedia&parent=6175"}],"curies":[{"name":"wp","href":"https:\/\/api.w.org\/{rel}","templated":true}]}}