{"id":12,"date":"2015-05-28T08:16:56","date_gmt":"2015-05-28T07:16:56","guid":{"rendered":"http:\/\/127.0.0.1\/techpro\/?page_id=12"},"modified":"2016-02-06T21:54:02","modified_gmt":"2016-02-06T21:54:02","slug":"galleries","status":"publish","type":"page","link":"https:\/\/www.techpro-digital.com\/?page_id=12","title":{"rendered":"PORTFOLIO"},"content":{"rendered":"<p><a href=\"http:\/\/twitter.com\/share?url=https%3A%2F%2Fwww.techpro-digital.com%2F%3Fpage_id%3D12&amp;count=none&amp;text=PORTFOLIO - TECHPRO-DIGITAL - Services PHOTO - VIDEO - POST PRODUCTION - CREATION - WEB\" class=\"twitter-share-button\">Tweet<\/a><\/p><p>Notre \u00e9quipe est compos\u00e9 de photographes professionnels et de sp\u00e9cialistes des environnements pr\u00e9 presse<\/p>\n<p>&nbsp;<\/p>\n<style>.tlp-team #tlp-team-container-1909264190 h3 ,.tlp-team #tlp-team-container-1909264190 .overlay h3 a,.tlp-team #tlp-team-container-1909264190 .single-team-area .tlp-content h3 a,.tlp-team #tlp-team-container-1909264190 h3,.tlp-team #tlp-team-container-1909264190 h3 a{color:;text-align:;font-size:px;}.tlp-team #tlp-team-container-1909264190 .tlp-position,.tlp-team #tlp-team-container-1909264190 .overlay .tlp-position,.tlp-team #tlp-team-container-1909264190 .tlp-layout-isotope .overlay .tlp-position{color:;text-align:;font-size:px;}.tlp-team #tlp-team-container-1909264190 .overlay .social-icons a,.tlp-team #tlp-team-container-1909264190 .social-icons a{color:;font-size:px;}.tlp-team #tlp-team-container-1909264190 .social-icons,.tlp-team #tlp-team-container-1909264190 .overlay .social-icons {text-align:;}.tlp-team #tlp-team-container-1909264190 .short-bio p,.tlp-team #tlp-team-container-1909264190 .overlay .short-bio p{color:;font-size:px;text-align:;}.tlp-team #tlp-team-container-1909264190 .tlp-email{color:;}.tlp-team #tlp-team-container-1909264190 .tlp-url {color:;}.tlp-team #tlp-team-container-1909264190 .tlp-phone {color:;}.tlp-team #tlp-team-container-1909264190 .tlp-location{color:;}.tlp-team #tlp-team-container-1909264190 .skill_name{color:;}.tlp-team #tlp-team-container-1909264190 .tlp-social{color:;}.tlp-team #tlp-team-container-1909264190 .single-team-area .overlay .overlay-element,.tlp-team #tlp-team-container-1909264190 .single-team-area:hover h3,.tlp-team .isotope3 .single-team-area:hover h3,.tlp-team .layout7 figcaption:hover,.tlp-team .isotope4 figcaption:hover, .tlp-team .layout9 .tlp-overlay{padding-top:5%;}<\/style><div class=\"container-fluid\"><div class=\"row tlp-team\"><div class='layout4' id='tlp-team-container-1909264190'><div class='tlp-col-lg-3 tlp-col-md-3 tlp-col-sm-6 tlp-col-xs-12  round-img tlp-equal-height  default-margin' ><div class=\"single-team-area\"><div class=\"single-team\"><figure>\n                                <img class=\"img-responsive\" src=\"https:\/\/www.techpro-digital.com\/wp-content\/uploads\/2016\/02\/fred_identite_blanc-400x400.jpg\" alt=\"Fr\u00e9d\u00e9ric SANUY\"\/>                   \n                            <\/figure><div class=\"overlay\"><div class=\"overlay-element\"><div class=\"tlp-content2\"><h3><span class=\"team-name\">Fr\u00e9d\u00e9ric SANUY<\/span><\/h3><div class=\"short-bio\"><p>Fred travaille comme consultant dans les environnements pr\u00e9 presse depuis plus de 20 ans, Expert DAM, Solutions, IT, et Photo \u00e9videmment.<\/p><\/div><\/div><div class=\"social-icons\"><a href='http:\/\/facebook.com\/fsanuy' title='facebook' target='_blank'><i class='fa fa-facebook'><\/i><\/a><a href='http:\/\/twitter.com\/fsanuy' title='twitter' target='_blank'><i class='fa fa-twitter'><\/i><\/a><a href='https:\/\/www.linkedin.com\/in\/fsanuy' title='linkedin' target='_blank'><i class='fa fa-linkedin'><\/i><\/a><\/div><\/div><\/div><\/div><\/div><\/div><div class='tlp-col-lg-3 tlp-col-md-3 tlp-col-sm-6 tlp-col-xs-12  round-img tlp-equal-height  default-margin' ><div class=\"single-team-area\"><div class=\"single-team\"><figure>\n                                <img class=\"img-responsive\" src=\"https:\/\/www.techpro-digital.com\/wp-content\/uploads\/2016\/02\/eric-ctarina-400x400.jpg\" alt=\"Eric CATARINA\"\/>                   \n                            <\/figure><div class=\"overlay\"><div class=\"overlay-element\"><div class=\"tlp-content2\"><h3><span class=\"team-name\">Eric CATARINA<\/span><\/h3><div class=\"short-bio\"><p>Eric Catarina fait partie de ses rares photographes de Presse avec plus de 25 ans d'exp\u00e9rience offrant toujours un certain regard.<\/p><\/div><\/div><div class=\"social-icons\"><a href='https:\/\/www.facebook.com\/eric.catarina' title='facebook' target='_blank'><i class='fa fa-facebook'><\/i><\/a><\/div><\/div><\/div><\/div><\/div><\/div><div class='tlp-col-lg-3 tlp-col-md-3 tlp-col-sm-6 tlp-col-xs-12  round-img tlp-equal-height  default-margin' ><div class=\"single-team-area\"><div class=\"single-team\"><figure>\n                                <img class=\"img-responsive\" src=\"https:\/\/www.techpro-digital.com\/wp-content\/uploads\/2016\/02\/ginot-373x400.jpeg\" alt=\"Marc GINOT\"\/>                   \n                            <\/figure><div class=\"overlay\"><div class=\"overlay-element\"><div class=\"tlp-content2\"><h3><span class=\"team-name\">Marc GINOT<\/span><\/h3><div class=\"short-bio\"><p>Des salles de concerts aux photo studio, la griffe Marc Ginot reste unique.<\/p><\/div><\/div><div class=\"social-icons\"><\/div><\/div><\/div><\/div><\/div><\/div><div class='tlp-col-lg-3 tlp-col-md-3 tlp-col-sm-6 tlp-col-xs-12  round-img tlp-equal-height  default-margin' ><div class=\"single-team-area\"><div class=\"single-team\"><figure>\n                                <img class=\"img-responsive\" src=\"https:\/\/www.techpro-digital.com\/wp-content\/uploads\/2016\/02\/Jerzy-logo-JO-400x400.jpeg\" alt=\"Jerzy BUKAJLO\"\/>                   \n                            <\/figure><div class=\"overlay\"><div class=\"overlay-element\"><div class=\"tlp-content2\"><h3><span class=\"team-name\">Jerzy BUKAJLO<\/span><\/h3><div class=\"short-bio\"><p>Jerzy BUKAJLO est le photographe de sport par essence, du patinage \u00e0 toute type d'\u00e9v\u00e8nement au quatre coin du monde<\/p><\/div><\/div><div class=\"social-icons\"><a href='https:\/\/www.facebook.com\/jerzy.bukajlo' title='facebook' target='_blank'><i class='fa fa-facebook'><\/i><\/a><\/div><\/div><\/div><\/div><\/div><\/div><\/div><span class='tlp-team-item-count'><span>6108<\/span><span>6113<\/span><span>6114<\/span><span>6115<\/span><\/span><\/div><\/div>\n","protected":false},"excerpt":{"rendered":"<p>TweetNotre \u00e9quipe est compos\u00e9 de photographes professionnels et de sp\u00e9cialistes des environnements pr\u00e9 presse &nbsp;<\/p>\n","protected":false},"author":1,"featured_media":0,"parent":0,"menu_order":0,"comment_status":"open","ping_status":"open","template":"","meta":[],"_links":{"self":[{"href":"https:\/\/www.techpro-digital.com\/index.php?rest_route=\/wp\/v2\/pages\/12"}],"collection":[{"href":"https:\/\/www.techpro-digital.com\/index.php?rest_route=\/wp\/v2\/pages"}],"about":[{"href":"https:\/\/www.techpro-digital.com\/index.php?rest_route=\/wp\/v2\/types\/page"}],"author":[{"embeddable":true,"href":"https:\/\/www.techpro-digital.com\/index.php?rest_route=\/wp\/v2\/users\/1"}],"replies":[{"embeddable":true,"href":"https:\/\/www.techpro-digital.com\/index.php?rest_route=%2Fwp%2Fv2%2Fcomments&post=12"}],"version-history":[{"count":4,"href":"https:\/\/www.techpro-digital.com\/index.php?rest_route=\/wp\/v2\/pages\/12\/revisions"}],"predecessor-version":[{"id":6112,"href":"https:\/\/www.techpro-digital.com\/index.php?rest_route=\/wp\/v2\/pages\/12\/revisions\/6112"}],"wp:attachment":[{"href":"https:\/\/www.techpro-digital.com\/index.php?rest_route=%2Fwp%2Fv2%2Fmedia&parent=12"}],"curies":[{"name":"wp","href":"https:\/\/api.w.org\/{rel}","templated":true}]}}

<p><a href="http://twitter.com/share?url=https%3A%2F%2Fwww.techpro-digital.com%2F%3Fpage_id%3D12&amp;count=none&amp;text=PORTFOLIO - TECHPRO-DIGITAL - Services PHOTO - VIDEO - POST PRODUCTION - CREATION - WEB" class="twitter-share-button">Tweet</a></p><p>Notre équipe est composé de photographes professionnels et de spécialistes des environnements pré presse</p>
<p>&nbsp;</p>
<style>.tlp-team #tlp-team-container-1909264190 h3 ,.tlp-team #tlp-team-container-1909264190 .overlay h3 a,.tlp-team #tlp-team-container-1909264190 .single-team-area .tlp-content h3 a,.tlp-team #tlp-team-container-1909264190 h3,.tlp-team #tlp-team-container-1909264190 h3 a{color:;text-align:;font-size:px;}.tlp-team #tlp-team-container-1909264190 .tlp-position,.tlp-team #tlp-team-container-1909264190 .overlay .tlp-position,.tlp-team #tlp-team-container-1909264190 .tlp-layout-isotope .overlay .tlp-position{color:;text-align:;font-size:px;}.tlp-team #tlp-team-container-1909264190 .overlay .social-icons a,.tlp-team #tlp-team-container-1909264190 .social-icons a{color:;font-size:px;}.tlp-team #tlp-team-container-1909264190 .social-icons,.tlp-team #tlp-team-container-1909264190 .overlay .social-icons {text-align:;}.tlp-team #tlp-team-container-1909264190 .short-bio p,.tlp-team #tlp-team-container-1909264190 .overlay .short-bio p{color:;font-size:px;text-align:;}.tlp-team #tlp-team-container-1909264190 .tlp-email{color:;}.tlp-team #tlp-team-container-1909264190 .tlp-url {color:;}.tlp-team #tlp-team-container-1909264190 .tlp-phone {color:;}.tlp-team #tlp-team-container-1909264190 .tlp-location{color:;}.tlp-team #tlp-team-container-1909264190 .skill_name{color:;}.tlp-team #tlp-team-container-1909264190 .tlp-social{color:;}.tlp-team #tlp-team-container-1909264190 .single-team-area .overlay .overlay-element,.tlp-team #tlp-team-container-1909264190 .single-team-area:hover h3,.tlp-team .isotope3 .single-team-area:hover h3,.tlp-team .layout7 figcaption:hover,.tlp-team .isotope4 figcaption:hover, .tlp-team .layout9 .tlp-overlay{padding-top:5%;}</style><div class="container-fluid"><div class="row tlp-team"><div class='layout4' id='tlp-team-container-1909264190'><div class='tlp-col-lg-3 tlp-col-md-3 tlp-col-sm-6 tlp-col-xs-12  round-img tlp-equal-height  default-margin' ><div class="single-team-area"><div class="single-team"><figure>
                                <img class="img-responsive" src="https://www.techpro-digital.com/wp-content/uploads/2016/02/fred_identite_blanc-400x400.jpg" alt="Frédéric SANUY"/>                   
                            </figure><div class="overlay"><div class="overlay-element"><div class="tlp-content2"><h3><span class="team-name">Frédéric SANUY</span></h3><div class="short-bio"><p>Fred travaille comme consultant dans les environnements pré presse depuis plus de 20 ans, Expert DAM, Solutions, IT, et Photo évidemment.</p></div></div><div class="social-icons"><a href='http://facebook.com/fsanuy' title='facebook' target='_blank'><i class='fa fa-facebook'></i></a><a href='http://twitter.com/fsanuy' title='twitter' target='_blank'><i class='fa fa-twitter'></i></a><a href='https://www.linkedin.com/in/fsanuy' title='linkedin' target='_blank'><i class='fa fa-linkedin'></i></a></div></div></div></div></div></div><div class='tlp-col-lg-3 tlp-col-md-3 tlp-col-sm-6 tlp-col-xs-12  round-img tlp-equal-height  default-margin' ><div class="single-team-area"><div class="single-team"><figure>
                                <img class="img-responsive" src="https://www.techpro-digital.com/wp-content/uploads/2016/02/eric-ctarina-400x400.jpg" alt="Eric CATARINA"/>                   
                            </figure><div class="overlay"><div class="overlay-element"><div class="tlp-content2"><h3><span class="team-name">Eric CATARINA</span></h3><div class="short-bio"><p>Eric Catarina fait partie de ses rares photographes de Presse avec plus de 25 ans d'expérience offrant toujours un certain regard.</p></div></div><div class="social-icons"><a href='https://www.facebook.com/eric.catarina' title='facebook' target='_blank'><i class='fa fa-facebook'></i></a></div></div></div></div></div></div><div class='tlp-col-lg-3 tlp-col-md-3 tlp-col-sm-6 tlp-col-xs-12  round-img tlp-equal-height  default-margin' ><div class="single-team-area"><div class="single-team"><figure>
                                <img class="img-responsive" src="https://www.techpro-digital.com/wp-content/uploads/2016/02/ginot-373x400.jpeg" alt="Marc GINOT"/>                   
                            </figure><div class="overlay"><div class="overlay-element"><div class="tlp-content2"><h3><span class="team-name">Marc GINOT</span></h3><div class="short-bio"><p>Des salles de concerts aux photo studio, la griffe Marc Ginot reste unique.</p></div></div><div class="social-icons"></div></div></div></div></div></div><div class='tlp-col-lg-3 tlp-col-md-3 tlp-col-sm-6 tlp-col-xs-12  round-img tlp-equal-height  default-margin' ><div class="single-team-area"><div class="single-team"><figure>
                                <img class="img-responsive" src="https://www.techpro-digital.com/wp-content/uploads/2016/02/Jerzy-logo-JO-400x400.jpeg" alt="Jerzy BUKAJLO"/>                   
                            </figure><div class="overlay"><div class="overlay-element"><div class="tlp-content2"><h3><span class="team-name">Jerzy BUKAJLO</span></h3><div class="short-bio"><p>Jerzy BUKAJLO est le photographe de sport par essence, du patinage à toute type d'évènement au quatre coin du monde</p></div></div><div class="social-icons"><a href='https://www.facebook.com/jerzy.bukajlo' title='facebook' target='_blank'><i class='fa fa-facebook'></i></a></div></div></div></div></div></div></div><span class='tlp-team-item-count'><span>6108</span><span>6113</span><span>6114</span><span>6115</span></span></div></div>

<p>TweetNotre équipe est composé de photographes professionnels et de spécialistes des environnements pré presse &nbsp;</p>
